{"id":1158,"date":"2022-06-15T07:41:41","date_gmt":"2022-06-15T10:41:41","guid":{"rendered":"https:\/\/nicktesting.kinsta.cloud\/shopdiko1\/?page_id=1158"},"modified":"2026-01-29T12:00:50","modified_gmt":"2026-01-29T15:00:50","slug":"about","status":"publish","type":"page","link":"https:\/\/farmaciamontenegro.com.br\/?page_id=1158","title":{"rendered":"About"},"content":{"rendered":"\t\t<div data-elementor-type=\"wp-page\" data-elementor-id=\"1158\" class=\"elementor elementor-1158\">\n\t\t\t\t\t\t<section class=\"elementor-section elementor-top-section elementor-element elementor-element-c514122 elementor-section-height-min-height elementor-section-boxed elementor-section-height-default elementor-section-items-middle wpr-particle-no wpr-jarallax-no wpr-parallax-no wpr-sticky-section-no\" data-id=\"c514122\" data-element_type=\"section\">\n\t\t\t\t\t\t<div class=\"elementor-container elementor-column-gap-default\">\n\t\t\t\t\t<div class=\"elementor-column elementor-col-50 elementor-top-column elementor-element elementor-element-9db70dd\" data-id=\"9db70dd\" data-element_type=\"column\">\n\t\t\t<div class=\"elementor-widget-wrap elementor-element-populated\">\n\t\t\t\t\t\t<div class=\"elementor-element elementor-element-56f0b30 elementor-widget elementor-widget-heading\" data-id=\"56f0b30\" data-element_type=\"widget\" data-widget_type=\"heading.default\">\n\t\t\t\t\t<h2 class=\"elementor-heading-title elementor-size-default\">Compromisso com um atendimento verdadeiramente personalizado<\/h2>\t\t\t\t<\/div>\n\t\t\t\t<div class=\"elementor-element elementor-element-ef39c9d elementor-widget elementor-widget-text-editor\" data-id=\"ef39c9d\" data-element_type=\"widget\" data-widget_type=\"text-editor.default\">\n\t\t\t\t\t\t\t\t\t<p>Adaptando o ritmo e a abordagem conforme as necessidades e prefer\u00eancias de cada cliente \u2014 seja de forma \u00e1gil e objetiva ou com calma e acolhimento<\/p><p>Nosso atendimento \u00e9 humanizado e especializado.<br \/>Oferecemos cuidados que unem, com confian\u00e7a e efic\u00e1cia, os conhecimentos t\u00e9cnicos e tradicionais da farm\u00e1cia \u00e0s terapias naturais e complementares \u2014 promovendo sa\u00fade com equil\u00edbrio, acolhimento e responsabilidade, sempre com foco na sua sa\u00fade de forma integral.<\/p>\t\t\t\t\t\t\t\t<\/div>\n\t\t\t\t\t<\/div>\n\t\t<\/div>\n\t\t\t\t<div class=\"elementor-column elementor-col-50 elementor-top-column elementor-element elementor-element-9d5d93f\" data-id=\"9d5d93f\" data-element_type=\"column\">\n\t\t\t<div class=\"elementor-widget-wrap elementor-element-populated\">\n\t\t\t\t\t\t<div class=\"elementor-element elementor-element-6053ff2 elementor-widget elementor-widget-image\" data-id=\"6053ff2\" data-element_type=\"widget\" data-widget_type=\"image.default\">\n\t\t\t\t\t\t\t\t\t\t\t\t\t\t\t<img fetchpriority=\"high\" decoding=\"async\" width=\"930\" height=\"864\" src=\"https:\/\/farmaciamontenegro.com.br\/wp-content\/uploads\/2026\/01\/fFARMACIAMONTNEGRO-7-e1769698835837.jpeg\" class=\"attachment-full size-full wp-image-2142\" alt=\"\" srcset=\"https:\/\/farmaciamontenegro.com.br\/wp-content\/uploads\/2026\/01\/fFARMACIAMONTNEGRO-7-e1769698835837.jpeg 930w, https:\/\/farmaciamontenegro.com.br\/wp-content\/uploads\/2026\/01\/fFARMACIAMONTNEGRO-7-e1769698835837-300x279.jpeg 300w, https:\/\/farmaciamontenegro.com.br\/wp-content\/uploads\/2026\/01\/fFARMACIAMONTNEGRO-7-e1769698835837-768x713.jpeg 768w, https:\/\/farmaciamontenegro.com.br\/wp-content\/uploads\/2026\/01\/fFARMACIAMONTNEGRO-7-e1769698835837-600x557.jpeg 600w\" sizes=\"(max-width: 930px) 100vw, 930px\" \/>\t\t\t\t\t\t\t\t\t\t\t\t\t\t\t<\/div>\n\t\t\t\t\t<\/div>\n\t\t<\/div>\n\t\t\t\t\t<\/div>\n\t\t<\/section>\n\t\t\t\t<section class=\"elementor-section elementor-top-section elementor-element elementor-element-f485be0 elementor-section-height-min-height elementor-section-boxed elementor-section-height-default elementor-section-items-middle wpr-particle-no wpr-jarallax-no wpr-parallax-no wpr-sticky-section-no\" data-id=\"f485be0\" data-element_type=\"section\">\n\t\t\t\t\t\t<div class=\"elementor-container elementor-column-gap-default\">\n\t\t\t\t\t<div class=\"elementor-column elementor-col-50 elementor-top-column elementor-element elementor-element-3031b73\" data-id=\"3031b73\" data-element_type=\"column\">\n\t\t\t<div class=\"elementor-widget-wrap elementor-element-populated\">\n\t\t\t\t\t\t<div class=\"elementor-element elementor-element-b1dff71 elementor-widget elementor-widget-heading\" data-id=\"b1dff71\" data-element_type=\"widget\" data-widget_type=\"heading.default\">\n\t\t\t\t\t<h2 class=\"elementor-heading-title elementor-size-default\">Sua farm\u00e1cia de confian\u00e7a, sempre ao seu lado.<\/h2>\t\t\t\t<\/div>\n\t\t\t\t<div class=\"elementor-element elementor-element-35a8f39 elementor-widget elementor-widget-text-editor\" data-id=\"35a8f39\" data-element_type=\"widget\" data-widget_type=\"text-editor.default\">\n\t\t\t\t\t\t\t\t\t<p>\u2022 Tele Entrega r\u00e1pida e segura em toda a regi\u00e3o<\/p><p>\u2022 Atendimento direto pelo WhatsApp, com agilidade e aten\u00e7\u00e3o<\/p><p>\u2022 Acesso a benef\u00edcios exclusivos no grupo do WhatsApp, incluindo promo\u00e7\u00f5es, dicas de sa\u00fade, cupons, brides e sorteios<\/p><p>\u2022 Atendimento e aten\u00e7\u00e3o farmac\u00eautico, com escuta ativa e orienta\u00e7\u00e3o profissional<\/p><p>\u2022 Verifica\u00e7\u00e3o de press\u00e3o arterial e teste de glicemia sem agendamento<\/p><p>\u2022 Aplica\u00e7\u00e3o de injet\u00e1veis com conforto e seguran\u00e7a<\/p><p>\u2022 Sorteio de brindes, cestas lind\u00edssimas, PIX premiado, e muito mais em nossos eventos e datas comemorativas<\/p>\t\t\t\t\t\t\t\t<\/div>\n\t\t\t\t\t<\/div>\n\t\t<\/div>\n\t\t\t\t<div class=\"elementor-column elementor-col-50 elementor-top-column elementor-element elementor-element-ee66a45\" data-id=\"ee66a45\" data-element_type=\"column\">\n\t\t\t<div class=\"elementor-widget-wrap elementor-element-populated\">\n\t\t\t\t\t\t<div class=\"elementor-element elementor-element-9c7479e elementor-widget elementor-widget-image\" data-id=\"9c7479e\" data-element_type=\"widget\" data-widget_type=\"image.default\">\n\t\t\t\t\t\t\t\t\t\t\t\t\t\t\t<img decoding=\"async\" width=\"960\" height=\"960\" src=\"https:\/\/farmaciamontenegro.com.br\/wp-content\/uploads\/2026\/01\/task_01kg4yxnj6f91v9ct8pc1b6trj_1769693226_img_1.webp\" class=\"attachment-large size-large wp-image-2372\" alt=\"\" srcset=\"https:\/\/farmaciamontenegro.com.br\/wp-content\/uploads\/2026\/01\/task_01kg4yxnj6f91v9ct8pc1b6trj_1769693226_img_1.webp 1024w, https:\/\/farmaciamontenegro.com.br\/wp-content\/uploads\/2026\/01\/task_01kg4yxnj6f91v9ct8pc1b6trj_1769693226_img_1-300x300.webp 300w, https:\/\/farmaciamontenegro.com.br\/wp-content\/uploads\/2026\/01\/task_01kg4yxnj6f91v9ct8pc1b6trj_1769693226_img_1-150x150.webp 150w, https:\/\/farmaciamontenegro.com.br\/wp-content\/uploads\/2026\/01\/task_01kg4yxnj6f91v9ct8pc1b6trj_1769693226_img_1-768x768.webp 768w, https:\/\/farmaciamontenegro.com.br\/wp-content\/uploads\/2026\/01\/task_01kg4yxnj6f91v9ct8pc1b6trj_1769693226_img_1-600x600.webp 600w, https:\/\/farmaciamontenegro.com.br\/wp-content\/uploads\/2026\/01\/task_01kg4yxnj6f91v9ct8pc1b6trj_1769693226_img_1-100x100.webp 100w\" sizes=\"(max-width: 960px) 100vw, 960px\" \/>\t\t\t\t\t\t\t\t\t\t\t\t\t\t\t<\/div>\n\t\t\t\t\t<\/div>\n\t\t<\/div>\n\t\t\t\t\t<\/div>\n\t\t<\/section>\n\t\t\t\t<\/div>\n\t\t","protected":false},"excerpt":{"rendered":"<p>Compromisso com um atendimento verdadeiramente personalizado Adaptando o ritmo e a abordagem conforme as necessidades e prefer\u00eancias de cada cliente \u2014 seja de forma \u00e1gil e objetiva ou com calma e acolhimento Nosso atendimento \u00e9 humanizado e especializado.Oferecemos cuidados que unem, com confian\u00e7a e efic\u00e1cia, os conhecimentos t\u00e9cnicos e tradicionais da farm\u00e1cia \u00e0s terapias naturais e complementares \u2014 promovendo sa\u00fade com equil\u00edbrio, acolhimento e responsabilidade, sempre com foco na sua sa\u00fade de forma integral. Sua farm\u00e1cia de confian\u00e7a, sempre ao seu lado. \u2022 Tele Entrega r\u00e1pida e segura em toda a regi\u00e3o \u2022 Atendimento direto pelo WhatsApp, com agilidade e aten\u00e7\u00e3o \u2022 Acesso a benef\u00edcios exclusivos no grupo do WhatsApp, incluindo promo\u00e7\u00f5es, dicas de sa\u00fade, cupons, brides e sorteios \u2022 Atendimento e aten\u00e7\u00e3o farmac\u00eautico, com escuta ativa e orienta\u00e7\u00e3o profissional \u2022 Verifica\u00e7\u00e3o de press\u00e3o arterial e teste de glicemia sem agendamento \u2022 Aplica\u00e7\u00e3o de injet\u00e1veis com conforto e seguran\u00e7a \u2022 Sorteio de brindes, cestas lind\u00edssimas, PIX premiado, e muito mais em nossos eventos e datas comemorativas<\/p>\n","protected":false},"author":1,"featured_media":0,"parent":0,"menu_order":0,"comment_status":"closed","ping_status":"closed","template":"elementor_canvas","meta":{"footnotes":""},"class_list":["post-1158","page","type-page","status-publish","hentry"],"_links":{"self":[{"href":"https:\/\/farmaciamontenegro.com.br\/index.php?rest_route=\/wp\/v2\/pages\/1158","targetHints":{"allow":["GET"]}}],"collection":[{"href":"https:\/\/farmaciamontenegro.com.br\/index.php?rest_route=\/wp\/v2\/pages"}],"about":[{"href":"https:\/\/farmaciamontenegro.com.br\/index.php?rest_route=\/wp\/v2\/types\/page"}],"author":[{"embeddable":true,"href":"https:\/\/farmaciamontenegro.com.br\/index.php?rest_route=\/wp\/v2\/users\/1"}],"replies":[{"embeddable":true,"href":"https:\/\/farmaciamontenegro.com.br\/index.php?rest_route=%2Fwp%2Fv2%2Fcomments&post=1158"}],"version-history":[{"count":9,"href":"https:\/\/farmaciamontenegro.com.br\/index.php?rest_route=\/wp\/v2\/pages\/1158\/revisions"}],"predecessor-version":[{"id":2408,"href":"https:\/\/farmaciamontenegro.com.br\/index.php?rest_route=\/wp\/v2\/pages\/1158\/revisions\/2408"}],"wp:attachment":[{"href":"https:\/\/farmaciamontenegro.com.br\/index.php?rest_route=%2Fwp%2Fv2%2Fmedia&parent=1158"}],"curies":[{"name":"wp","href":"https:\/\/api.w.org\/{rel}","templated":true}]}}